{"id":141,"date":"2025-05-24T14:33:36","date_gmt":"2025-05-24T14:33:36","guid":{"rendered":"https:\/\/www.la-lezarde.be\/?page_id=141"},"modified":"2025-06-02T06:39:54","modified_gmt":"2025-06-02T06:39:54","slug":"13-14-15-juin-2025-granges-ouvertes","status":"publish","type":"page","link":"https:\/\/www.la-lezarde.be\/?page_id=141","title":{"rendered":"Grange ouverte 13>15\/06"},"content":{"rendered":"\n<p id=\"block-937892c2-ab64-4ae1-94dc-f3050fa73ca6\"><strong>PROGRAMME<\/strong><\/p>\n\n\n\n<p id=\"block-03b680d4-8088-4389-b85b-2f9982b5e54d\"><span style=\"text-decoration: underline;\">Vendredi 13\/06 (19h-22h30)<\/span><\/p>\n\n\n\n<p id=\"block-6537944e-3f0c-4307-b231-0871f7d7aa56\">19h Projection de trois documentaires sur la paysannerie, en Gaume (19h &#8211; \u00c9lever autrement), au Mexique (20h Les graines de la dignit\u00e9) et en France (21h La vie moderne). Pendant les projections, notre bar sera ouvert. (jus locaux, k\u00e9fir de fruit, eau de la source Saint Bernard et des bi\u00e8res de la <a href=\"https:\/\/www.brasseriedarlon.com\">Brasserie Arlon Coop\u00e9rative -BAC-<\/a> ainsi que celles de <a href=\"https:\/\/www.facebook.com\/100PAP.beer\/\" data-type=\"link\" data-id=\"https:\/\/www.facebook.com\/100PAP.beer\/\">100PAP<\/a>)<\/p>\n\n\n\n<p id=\"block-b589939d-d1bf-4c95-80bd-d8f672f88cfd\"><span style=\"text-decoration: underline;\">Samedi 14\/06 (13h30-22h)<\/span><\/p>\n\n\n\n<p id=\"block-6f3df9be-54db-4187-ab26-07cee015e3a4\">13h30 Inauguration de la&nbsp;<strong>roulotte<\/strong>&nbsp;La L\u00e9zarde, centre d\u2019information de la Vall\u00e9e de Clairefontaine et du Birel<\/p>\n\n\n\n<p id=\"block-f52f9ff0-bbaa-432b-9fe5-b1f518896149\">14h Accueil et pr\u00e9sentation du contexte et des enjeux<\/p>\n\n\n\n<p id=\"block-4042701f-f947-4d61-aa14-56b9ca1908e1\">14h30 Conversation avec&nbsp;<strong><a href=\"https:\/\/youtu.be\/D7HZsxVH3T8?si=DFINouGREDd52MI4\">Pierre Dardot<\/a><\/strong>, philosophe fran\u00e7ais des communs: \u00ab Quelle boussole pour cr\u00e9er des territoires communs et relier celles et ceux qui les habitent ?&nbsp;\u00bb&nbsp;<\/p>\n\n\n\n<p id=\"block-72ccf9cf-d45b-406f-a8ca-1fa97580115f\">15h30-17h30 Panel de discussion et d\u2019\u00e9changes sur l\u2019avenir de l\u2019agriculture, de l\u2019alimentation et des territoires de vie, avec&nbsp;<strong><a href=\"https:\/\/www.axellemag.be\/barbara-van-dyck-portrait\/\">Barbara Van Dijck<\/a><\/strong>&nbsp;(ULB, Bruxelles),&nbsp;<strong><a href=\"https:\/\/youtu.be\/VuHoBwGTKxc?si=TE18XINjqqvafICE\">Pierre Ozer<\/a><\/strong>&nbsp;(ULg, Li\u00e8ge) et&nbsp;<strong>Pierre Dardot<\/strong><\/p>\n\n\n\n<p id=\"block-a6ac648e-3881-45dc-b9e9-4ef7e4fc3eab\">17h30-18h30 Inauguration publique du verger conservatoire et m\u00e9moriel. Hommage nominatif \u00e0 des r\u00e9sistant-e-s luxembourgeois-es de la guerre 40-45 et \u00e0 des d\u00e9fenseur-e-s du vivant, victimes de leur combat, en pr\u00e9sence de&nbsp;<a href=\"https:\/\/www.tvlux.be\/video\/culture\/bataille-des-ardennes\/louis-goffin-publie-un-livre-sur-la-resistance-belge_44479.html\">Louis Goffin<\/a>&nbsp;<\/p>\n\n\n\n<p id=\"block-bf85e484-501d-485a-be75-12f52dbe0f23\">18h30-22h&nbsp;Ginguette<\/p>\n\n\n\n<p id=\"block-5676c323-c42c-484b-a19a-091ca18dff81\">Tout au long des activit\u00e9s: animations culturelles et artistiques (<a href=\"https:\/\/www.la-lezarde.be\/?p=294\" data-type=\"post\" data-id=\"294\">atelier \u00ab\u00a0crochet\u00a0\u00bb<\/a> anim\u00e9 par Martine, de 15 \u00e0 17h; atelier \u00ab\u00a0s\u00e9rigraphie\u00a0\u00bb du logo de la L\u00e9zarde sur votre T Shirt clair de 18h30 \u00e0 19h), stand d\u2019information, <a href=\"https:\/\/www.aadtp.be\/boutique-de-lutte\/\" data-type=\"link\" data-id=\"https:\/\/www.aadtp.be\/boutique-de-lutte\/\">boutique de lutte<\/a>, bar (avec des jus locaux, de l&rsquo;eau de la source Saint Bernard et des bi\u00e8res de la <a href=\"https:\/\/www.brasseriedarlon.com\">Brasserie Arlon Coop\u00e9rative -BAC-<\/a> ainsi que celles de <a href=\"https:\/\/www.facebook.com\/100PAP.beer\/\" data-type=\"link\" data-id=\"https:\/\/www.facebook.com\/100PAP.beer\/\">100PAP<\/a>). <\/p>\n\n\n\n<p id=\"block-bad65f0c-e938-4776-99e6-7b7b1a9a7a61\"><span style=\"text-decoration: underline;\">Dimanche 15\/06 (8h30-14h)<\/span><\/p>\n\n\n\n<p id=\"block-37406419-3118-4ba4-9f66-f2f10ad449c5\">8h30 Petit d\u00e9jeuner \u00e0 la ferme<\/p>\n\n\n\n<p id=\"block-142417d0-62d4-4489-8941-3b3c2479a646\">9h30-12h30 La <strong>grande marche<\/strong> de d\u00e9couverte de la vall\u00e9e (environ 13km). Le plan de la grande marche se trouve <a href=\"https:\/\/www.la-lezarde.be\/wp-content\/uploads\/2025\/05\/Capture-decran-2025-05-25-a-14.21.36-1.png\">ici<\/a>.<\/p>\n\n\n\n<p id=\"block-4858625c-5987-41bb-8514-58c56ff273e6\">10h30-12h La <strong>petit marche<\/strong> de d\u00e9couverte de la vall\u00e9e (environ 3 km). Le plan de la petite marche se trouve <a href=\"https:\/\/www.la-lezarde.be\/wp-content\/uploads\/2025\/05\/Capture-decran-2025-05-25-a-14.30.01-1.png\">ici<\/a>.<\/p>\n\n\n\n<p id=\"block-9c1321ca-5060-4e42-8a6b-64d80d9bb7fa\">Inscription aux marches souhait\u00e9es&nbsp;: info@la-lezarde.be<\/p>\n\n\n\n<p id=\"block-3ce10532-cf87-4a4e-936f-a024b7dda33f\">12h-14h&nbsp;Pique-nique au Birel<\/p>\n\n\n\n<p><strong>LIEU<\/strong><\/p>\n\n\n\n<p><a href=\"https:\/\/www.la-lezarde.be\/wp-content\/uploads\/2025\/05\/Capture-decran-2025-05-25-a-16.22.47.png\">Ferme du Birel, (rue du) Birel \u00e0 Arlon<\/a>.<\/p>\n\n\n\n<figure class=\"wp-block-image\"><img decoding=\"async\" src=\"https:\/\/www.la-lezarde.be\/wp-content\/uploads\/2025\/05\/signal-2025-05-05-19293418-e1748180110382-1024x705.jpeg\" alt=\"L\u2019image actuelle n\u2019a pas de texte alternatif. Le nom du fichier est\u00a0: signal-2025-05-05-19293418-e1748180110382.jpeg\"\/><\/figure>\n","protected":false},"excerpt":{"rendered":"<p>PROGRAMME Vendredi 13\/06 (19h-22h30) 19h Projection de trois documentaires sur la paysannerie, en Gaume (19h &#8211; \u00c9lever autrement), au Mexique (20h Les graines de la dignit\u00e9) et en France (21h La vie moderne). Pendant les<span class=\"more-button\"><a href=\"https:\/\/www.la-lezarde.be\/?page_id=141\" class=\"more-link\">Lire la suite<span class=\"screen-reader-text\">Grange ouverte 13>15\/06<\/span><i class=\"fa fa-angle-right\" aria-hidden=\"true\"><\/i><\/a><\/span><\/p>\n","protected":false},"author":2,"featured_media":188,"parent":0,"menu_order":0,"comment_status":"closed","ping_status":"closed","template":"","meta":{"footnotes":""},"class_list":["post-141","page","type-page","status-publish","has-post-thumbnail","hentry"],"_links":{"self":[{"href":"https:\/\/www.la-lezarde.be\/index.php?rest_route=\/wp\/v2\/pages\/141","targetHints":{"allow":["GET"]}}],"collection":[{"href":"https:\/\/www.la-lezarde.be\/index.php?rest_route=\/wp\/v2\/pages"}],"about":[{"href":"https:\/\/www.la-lezarde.be\/index.php?rest_route=\/wp\/v2\/types\/page"}],"author":[{"embeddable":true,"href":"https:\/\/www.la-lezarde.be\/index.php?rest_route=\/wp\/v2\/users\/2"}],"replies":[{"embeddable":true,"href":"https:\/\/www.la-lezarde.be\/index.php?rest_route=%2Fwp%2Fv2%2Fcomments&post=141"}],"version-history":[{"count":17,"href":"https:\/\/www.la-lezarde.be\/index.php?rest_route=\/wp\/v2\/pages\/141\/revisions"}],"predecessor-version":[{"id":303,"href":"https:\/\/www.la-lezarde.be\/index.php?rest_route=\/wp\/v2\/pages\/141\/revisions\/303"}],"wp:featuredmedia":[{"embeddable":true,"href":"https:\/\/www.la-lezarde.be\/index.php?rest_route=\/wp\/v2\/media\/188"}],"wp:attachment":[{"href":"https:\/\/www.la-lezarde.be\/index.php?rest_route=%2Fwp%2Fv2%2Fmedia&parent=141"}],"curies":[{"name":"wp","href":"https:\/\/api.w.org\/{rel}","templated":true}]}}