{"id":28,"date":"2025-05-19T15:29:08","date_gmt":"2025-05-19T15:29:08","guid":{"rendered":"https:\/\/www.la-lezarde.be\/?page_id=28"},"modified":"2025-05-26T05:59:47","modified_gmt":"2025-05-26T05:59:47","slug":"le-paysage","status":"publish","type":"page","link":"https:\/\/www.la-lezarde.be\/?page_id=28","title":{"rendered":"Le paysage"},"content":{"rendered":"\n<p>Ces jours-ci, toutes nos \u00e9nergies vont \u00e0 la pr\u00e9paration de l&rsquo;op\u00e9ration <a href=\"https:\/\/www.la-lezarde.be\/?page_id=141\" data-type=\"page\" data-id=\"141\">\u00ab\u00a0Grange ouverte\u00a0\u00bb des 13-14-15 juin.<\/a> Quand nous aurons un peu plus de temps, nous alimenterons les nombreuses pages du site de La L\u00e9zarde de textes, de r\u00e9cits, d&rsquo;analyses et de photos qui devraient vous apporter des \u00e9clairages diversifi\u00e9s sur nos territoires de vie, tels qu&rsquo;ils sont et tels que nous les d\u00e9sirons.<\/p>\n\n\n\n<figure class=\"wp-block-image\"><img decoding=\"async\" src=\"https:\/\/www.la-lezarde.be\/wp-content\/uploads\/2025\/05\/IMG_8750-copie-1024x768.jpg\" alt=\"L\u2019image actuelle n\u2019a pas de texte alternatif. Le nom du fichier est\u00a0: IMG_8750-copie-scaled.jpg\"\/><\/figure>\n","protected":false},"excerpt":{"rendered":"<p>Ces jours-ci, toutes nos \u00e9nergies vont \u00e0 la pr\u00e9paration de l&rsquo;op\u00e9ration \u00ab\u00a0Grange ouverte\u00a0\u00bb des 13-14-15 juin. Quand nous aurons un peu plus de temps, nous alimenterons les nombreuses pages du site de La L\u00e9zarde de<span class=\"more-button\"><a href=\"https:\/\/www.la-lezarde.be\/?page_id=28\" class=\"more-link\">Lire la suite<span class=\"screen-reader-text\">Le paysage<\/span><i class=\"fa fa-angle-right\" aria-hidden=\"true\"><\/i><\/a><\/span><\/p>\n","protected":false},"author":2,"featured_media":167,"parent":0,"menu_order":0,"comment_status":"closed","ping_status":"closed","template":"","meta":{"footnotes":""},"class_list":["post-28","page","type-page","status-publish","has-post-thumbnail","hentry"],"_links":{"self":[{"href":"https:\/\/www.la-lezarde.be\/index.php?rest_route=\/wp\/v2\/pages\/28","targetHints":{"allow":["GET"]}}],"collection":[{"href":"https:\/\/www.la-lezarde.be\/index.php?rest_route=\/wp\/v2\/pages"}],"about":[{"href":"https:\/\/www.la-lezarde.be\/index.php?rest_route=\/wp\/v2\/types\/page"}],"author":[{"embeddable":true,"href":"https:\/\/www.la-lezarde.be\/index.php?rest_route=\/wp\/v2\/users\/2"}],"replies":[{"embeddable":true,"href":"https:\/\/www.la-lezarde.be\/index.php?rest_route=%2Fwp%2Fv2%2Fcomments&post=28"}],"version-history":[{"count":3,"href":"https:\/\/www.la-lezarde.be\/index.php?rest_route=\/wp\/v2\/pages\/28\/revisions"}],"predecessor-version":[{"id":272,"href":"https:\/\/www.la-lezarde.be\/index.php?rest_route=\/wp\/v2\/pages\/28\/revisions\/272"}],"wp:featuredmedia":[{"embeddable":true,"href":"https:\/\/www.la-lezarde.be\/index.php?rest_route=\/wp\/v2\/media\/167"}],"wp:attachment":[{"href":"https:\/\/www.la-lezarde.be\/index.php?rest_route=%2Fwp%2Fv2%2Fmedia&parent=28"}],"curies":[{"name":"wp","href":"https:\/\/api.w.org\/{rel}","templated":true}]}}