{"id":65,"date":"2025-05-19T15:43:59","date_gmt":"2025-05-19T15:43:59","guid":{"rendered":"https:\/\/www.la-lezarde.be\/?page_id=65"},"modified":"2025-05-26T06:17:29","modified_gmt":"2025-05-26T06:17:29","slug":"contact","status":"publish","type":"page","link":"https:\/\/www.la-lezarde.be\/?page_id=65","title":{"rendered":"Contact"},"content":{"rendered":"\n<p>Pour contacter La L\u00e9zarde, envoyez un email \u00e0 l&rsquo;adresse suivante: info*arobase*la-lezarde.be. Nous r\u00e9agirons d\u00e8s que possible. <\/p>\n\n\n\n<figure class=\"wp-block-image\"><img decoding=\"async\" src=\"https:\/\/www.la-lezarde.be\/wp-content\/uploads\/2025\/05\/signal-2025-05-05-19293418-e1748180110382-1024x705.jpeg\" alt=\"L\u2019image actuelle n\u2019a pas de texte alternatif. Le nom du fichier est\u00a0: signal-2025-05-05-19293418-e1748180110382.jpeg\"\/><\/figure>\n","protected":false},"excerpt":{"rendered":"<p>Pour contacter La L\u00e9zarde, envoyez un email \u00e0 l&rsquo;adresse suivante: info*arobase*la-lezarde.be. Nous r\u00e9agirons d\u00e8s que possible.<\/p>\n","protected":false},"author":2,"featured_media":188,"parent":0,"menu_order":0,"comment_status":"closed","ping_status":"closed","template":"","meta":{"footnotes":""},"class_list":["post-65","page","type-page","status-publish","has-post-thumbnail","hentry"],"_links":{"self":[{"href":"https:\/\/www.la-lezarde.be\/index.php?rest_route=\/wp\/v2\/pages\/65","targetHints":{"allow":["GET"]}}],"collection":[{"href":"https:\/\/www.la-lezarde.be\/index.php?rest_route=\/wp\/v2\/pages"}],"about":[{"href":"https:\/\/www.la-lezarde.be\/index.php?rest_route=\/wp\/v2\/types\/page"}],"author":[{"embeddable":true,"href":"https:\/\/www.la-lezarde.be\/index.php?rest_route=\/wp\/v2\/users\/2"}],"replies":[{"embeddable":true,"href":"https:\/\/www.la-lezarde.be\/index.php?rest_route=%2Fwp%2Fv2%2Fcomments&post=65"}],"version-history":[{"count":4,"href":"https:\/\/www.la-lezarde.be\/index.php?rest_route=\/wp\/v2\/pages\/65\/revisions"}],"predecessor-version":[{"id":277,"href":"https:\/\/www.la-lezarde.be\/index.php?rest_route=\/wp\/v2\/pages\/65\/revisions\/277"}],"wp:featuredmedia":[{"embeddable":true,"href":"https:\/\/www.la-lezarde.be\/index.php?rest_route=\/wp\/v2\/media\/188"}],"wp:attachment":[{"href":"https:\/\/www.la-lezarde.be\/index.php?rest_route=%2Fwp%2Fv2%2Fmedia&parent=65"}],"curies":[{"name":"wp","href":"https:\/\/api.w.org\/{rel}","templated":true}]}}